{"id":4222,"date":"2025-12-02T20:58:25","date_gmt":"2025-12-02T20:58:25","guid":{"rendered":"https:\/\/www.kosmetologiamagiczna.pl\/?page_id=4222"},"modified":"2025-12-31T19:22:15","modified_gmt":"2025-12-31T19:22:15","slug":"peeling-kawitacyjny","status":"publish","type":"page","link":"http:\/\/www.kosmetologiamagiczna.pl\/index.php\/peeling-kawitacyjny\/","title":{"rendered":"Peeling kawitacyjny"},"content":{"rendered":"\t\t<div data-elementor-type=\"wp-page\" data-elementor-id=\"4222\" class=\"elementor elementor-4222\">\n\t\t\t\t\t\t<section class=\"elementor-section elementor-top-section elementor-element elementor-element-b70a7f1 elementor-section-boxed elementor-section-height-default elementor-section-height-default\" data-id=\"b70a7f1\" data-element_type=\"section\" data-e-type=\"section\" data-settings=\"{&quot;background_background&quot;:&quot;classic&quot;}\">\n\t\t\t\t\t\t<div class=\"elementor-container elementor-column-gap-default\">\n\t\t\t\t\t<div class=\"elementor-column elementor-col-33 elementor-top-column elementor-element elementor-element-40110c2\" data-id=\"40110c2\" data-element_type=\"column\" data-e-type=\"column\">\n\t\t\t<div class=\"elementor-widget-wrap elementor-element-populated\">\n\t\t\t\t\t\t<div class=\"elementor-element elementor-element-9c0588d elementor-widget elementor-widget-spacer\" data-id=\"9c0588d\" data-element_type=\"widget\" data-e-type=\"widget\" data-widget_type=\"spacer.default\">\n\t\t\t\t\t\t\t<div class=\"elementor-spacer\">\n\t\t\t<div class=\"elementor-spacer-inner\"><\/div>\n\t\t<\/div>\n\t\t\t\t\t\t<\/div>\n\t\t\t\t<div class=\"elementor-element elementor-element-5615131 elementor-widget__width-initial elementor-widget elementor-widget-heading\" data-id=\"5615131\" data-element_type=\"widget\" data-e-type=\"widget\" data-widget_type=\"heading.default\">\n\t\t\t\t\t<h4 class=\"elementor-heading-title elementor-size-default\">Peeling kawitacyjny \u2013 oczyszczenie i blask w jednym!<\/h4>\t\t\t\t<\/div>\n\t\t\t\t<div class=\"elementor-element elementor-element-c35ed49 elementor-widget elementor-widget-text-editor\" data-id=\"c35ed49\" data-element_type=\"widget\" data-e-type=\"widget\" data-widget_type=\"text-editor.default\">\n\t\t\t\t\t\t\t\t\t<p>Delikatnie usuwa zanieczyszczenia i martwe kom\u00f3rki nask\u00f3rka, wyg\u0142adza sk\u00f3r\u0119 i przywraca jej naturalny blask.\u00a0<\/p>\t\t\t\t\t\t\t\t<\/div>\n\t\t\t\t<div class=\"elementor-element elementor-element-6deb1c6 elementor-widget elementor-widget-spacer\" data-id=\"6deb1c6\" data-element_type=\"widget\" data-e-type=\"widget\" data-widget_type=\"spacer.default\">\n\t\t\t\t\t\t\t<div class=\"elementor-spacer\">\n\t\t\t<div class=\"elementor-spacer-inner\"><\/div>\n\t\t<\/div>\n\t\t\t\t\t\t<\/div>\n\t\t\t\t<div class=\"elementor-element elementor-element-a174ffb elementor-widget elementor-widget-heading\" data-id=\"a174ffb\" data-element_type=\"widget\" data-e-type=\"widget\" data-widget_type=\"heading.default\">\n\t\t\t\t\t<h5 class=\"elementor-heading-title elementor-size-default\">Twoja cera nigdy nie by\u0142a tak \u015bwie\u017ca!<\/h5>\t\t\t\t<\/div>\n\t\t\t\t\t<\/div>\n\t\t<\/div>\n\t\t\t\t<div class=\"elementor-column elementor-col-33 elementor-top-column elementor-element elementor-element-e5486b4\" data-id=\"e5486b4\" data-element_type=\"column\" data-e-type=\"column\" data-settings=\"{&quot;background_background&quot;:&quot;classic&quot;}\">\n\t\t\t<div class=\"elementor-widget-wrap\">\n\t\t\t\t\t\t\t<\/div>\n\t\t<\/div>\n\t\t\t\t<div class=\"elementor-column elementor-col-33 elementor-top-column elementor-element elementor-element-04904ad\" data-id=\"04904ad\" data-element_type=\"column\" data-e-type=\"column\" data-settings=\"{&quot;background_background&quot;:&quot;classic&quot;}\">\n\t\t\t<div class=\"elementor-widget-wrap elementor-element-populated\">\n\t\t\t\t\t\t<div class=\"elementor-element elementor-element-a7c1594 elementor-widget elementor-widget-image\" data-id=\"a7c1594\" data-element_type=\"widget\" data-e-type=\"widget\" data-widget_type=\"image.default\">\n\t\t\t\t\t\t\t\t\t\t\t\t\t\t\t<img loading=\"lazy\" decoding=\"async\" width=\"570\" height=\"370\" src=\"http:\/\/www.kosmetologiamagiczna.pl\/wp-content\/uploads\/2025\/12\/peeling-1.webp\" class=\"attachment-1536x1536 size-1536x1536 wp-image-5154\" alt=\"\" srcset=\"http:\/\/www.kosmetologiamagiczna.pl\/wp-content\/uploads\/2025\/12\/peeling-1.webp 570w, http:\/\/www.kosmetologiamagiczna.pl\/wp-content\/uploads\/2025\/12\/peeling-1-300x195.webp 300w, http:\/\/www.kosmetologiamagiczna.pl\/wp-content\/uploads\/2025\/12\/peeling-1-480x312.webp 480w\" sizes=\"auto, (max-width: 570px) 100vw, 570px\" title=\"peeling-1\" \/>\t\t\t\t\t\t\t\t\t\t\t\t\t\t\t<\/div>\n\t\t\t\t\t<\/div>\n\t\t<\/div>\n\t\t\t\t\t<\/div>\n\t\t<\/section>\n\t\t\t\t<section class=\"elementor-section elementor-top-section elementor-element elementor-element-6b87d0a elementor-section-boxed elementor-section-height-default elementor-section-height-default\" data-id=\"6b87d0a\" data-element_type=\"section\" data-e-type=\"section\" data-settings=\"{&quot;background_background&quot;:&quot;classic&quot;}\">\n\t\t\t\t\t\t<div class=\"elementor-container elementor-column-gap-default\">\n\t\t\t\t\t<div class=\"elementor-column elementor-col-100 elementor-top-column elementor-element elementor-element-a308b56\" data-id=\"a308b56\" data-element_type=\"column\" data-e-type=\"column\">\n\t\t\t<div class=\"elementor-widget-wrap elementor-element-populated\">\n\t\t\t\t\t\t<div class=\"elementor-element elementor-element-a3a5cad elementor-widget elementor-widget-spacer\" data-id=\"a3a5cad\" data-element_type=\"widget\" data-e-type=\"widget\" data-widget_type=\"spacer.default\">\n\t\t\t\t\t\t\t<div class=\"elementor-spacer\">\n\t\t\t<div class=\"elementor-spacer-inner\"><\/div>\n\t\t<\/div>\n\t\t\t\t\t\t<\/div>\n\t\t\t\t<div class=\"elementor-element elementor-element-a33f914 elementor-widget elementor-widget-text-editor\" data-id=\"a33f914\" data-element_type=\"widget\" data-e-type=\"widget\" data-widget_type=\"text-editor.default\">\n\t\t\t\t\t\t\t\t\t<p><span style=\"font-weight: 900; color: #000080;\" class=\"gt3_font-weight\">P<\/span>eeling kawitacyjny &#8211; jest to zabieg bezbolesnego oczyszczania sk\u00f3ry, kt\u00f3ry wykonywany jest za pomoc\u0105 ultrad\u017awi\u0119k\u00f3w. Usuwanie zanieczyszcze\u0144 oraz martwych kom\u00f3rek przebiega bezpiecznie. To nowy system do g\u0142\u0119bokiej piel\u0119gnacji sk\u00f3ry i jej regeneracji, bez efekt\u00f3w ubocznych. Peeling ultrad\u017awi\u0119kowy dzia\u0142a na sk\u00f3r\u0119 \u0142agodnie poprzez przyjemne wibracje. Zastosowanie tego urz\u0105dzenia pozwala na efektywne oczyszczenie na du\u017cej g\u0142\u0119boko\u015bci, czego rezultatem jest ( zauwa\u017calna w widoczny spos\u00f3b) sk\u00f3ra odnowiona i od\u015bwie\u017cona.<\/p>\t\t\t\t\t\t\t\t<\/div>\n\t\t\t\t<div class=\"elementor-element elementor-element-0e96bfd elementor-widget elementor-widget-text-editor\" data-id=\"0e96bfd\" data-element_type=\"widget\" data-e-type=\"widget\" data-widget_type=\"text-editor.default\">\n\t\t\t\t\t\t\t\t\t<p>Peeling kawitacyjny pozwala na dok\u0142adne usuni\u0119cie nadmiaru sebum z por\u00f3w i mieszk\u00f3w w\u0142osowych, pozbycie si\u0119 zrogowacia\u0142ego nask\u00f3rka, zask\u00f3rnik\u00f3w, w\u0105gr\u00f3w i bakterii.<\/p>\t\t\t\t\t\t\t\t<\/div>\n\t\t\t\t<div class=\"elementor-element elementor-element-4d9d52f elementor-widget elementor-widget-text-editor\" data-id=\"4d9d52f\" data-element_type=\"widget\" data-e-type=\"widget\" data-widget_type=\"text-editor.default\">\n\t\t\t\t\t\t\t\t\t<p>Dodatkowe zalety peelingu kawitacyjnego:<\/p>\t\t\t\t\t\t\t\t<\/div>\n\t\t\t\t<div class=\"elementor-element elementor-element-45127f6 elementor-widget elementor-widget-text-editor\" data-id=\"45127f6\" data-element_type=\"widget\" data-e-type=\"widget\" data-widget_type=\"text-editor.default\">\n\t\t\t\t\t\t\t\t\t<ul><li>usuwa przebarwienia nask\u00f3rkowe,<\/li><li>bezbole\u015bnie i dok\u0142adnie czy\u015bci sk\u00f3r\u0119 twarzy, szyi, dekoltu i plec\u00f3w,<\/li><li>regeneruje sk\u00f3r\u0119 oraz mi\u0119\u015bnie mimiczne,<\/li><li>przyspiesza mikrokr\u0105\u017cenie,<\/li><li>pomaga w leczeniu tr\u0105dziku poprzez swoje dzia\u0142anie sterylizuj\u0105ce,<\/li><li>g\u0142\u0119boko nawil\u017ca poprzez mikromasa\u017c.<\/li><li>poprawia wymian\u0119 jonow\u0105, wzmaga produkcj\u0119 kolagenu, elastyny i kwasu hialuronowego,<\/li><li>poprawia struktur\u0119 blizn,<\/li><li>pozostawia nadzwyczajnie odm\u0142odzon\u0105, od\u015bwie\u017con\u0105 i zregenerowan\u0105 sk\u00f3r\u0119.<\/li><\/ul>\t\t\t\t\t\t\t\t<\/div>\n\t\t\t\t<div class=\"elementor-element elementor-element-d1492d1 elementor-widget elementor-widget-text-editor\" data-id=\"d1492d1\" data-element_type=\"widget\" data-e-type=\"widget\" data-widget_type=\"text-editor.default\">\n\t\t\t\t\t\t\t\t\t<p>Zabieg sk\u0142ada si\u0119 z : peeling kawitacyjny + serum wprowadzone w g\u0142\u0105b sk\u00f3ry za pomoc\u0105 ultrad\u017awi\u0119k\u00f3w + algi + krem (wszystko indywidualnie dobrane do ka\u017cdej cery).<\/p>\t\t\t\t\t\t\t\t<\/div>\n\t\t\t\t<div class=\"elementor-element elementor-element-975e965 elementor-widget elementor-widget-image\" data-id=\"975e965\" data-element_type=\"widget\" data-e-type=\"widget\" data-widget_type=\"image.default\">\n\t\t\t\t\t\t\t\t\t\t\t\t\t\t\t<img loading=\"lazy\" decoding=\"async\" width=\"480\" height=\"480\" src=\"http:\/\/www.kosmetologiamagiczna.pl\/wp-content\/uploads\/2025\/12\/Peeling-kawitacyjny2-480x480.webp\" class=\"attachment-gt3theme_mobile size-gt3theme_mobile wp-image-5157\" alt=\"\" srcset=\"http:\/\/www.kosmetologiamagiczna.pl\/wp-content\/uploads\/2025\/12\/Peeling-kawitacyjny2-480x480.webp 480w, http:\/\/www.kosmetologiamagiczna.pl\/wp-content\/uploads\/2025\/12\/Peeling-kawitacyjny2-300x300.webp 300w, http:\/\/www.kosmetologiamagiczna.pl\/wp-content\/uploads\/2025\/12\/Peeling-kawitacyjny2-150x150.webp 150w, http:\/\/www.kosmetologiamagiczna.pl\/wp-content\/uploads\/2025\/12\/Peeling-kawitacyjny2.webp 640w\" sizes=\"auto, (max-width: 480px) 100vw, 480px\" title=\"Peeling-kawitacyjny2\" \/>\t\t\t\t\t\t\t\t\t\t\t\t\t\t\t<\/div>\n\t\t\t\t<div class=\"elementor-element elementor-element-019ef3a elementor-widget elementor-widget-spacer\" data-id=\"019ef3a\" data-element_type=\"widget\" data-e-type=\"widget\" data-widget_type=\"spacer.default\">\n\t\t\t\t\t\t\t<div class=\"elementor-spacer\">\n\t\t\t<div class=\"elementor-spacer-inner\"><\/div>\n\t\t<\/div>\n\t\t\t\t\t\t<\/div>\n\t\t\t\t\t<\/div>\n\t\t<\/div>\n\t\t\t\t\t<\/div>\n\t\t<\/section>\n\t\t\t\t<\/div>\n\t\t","protected":false},"excerpt":{"rendered":"<p>Peeling kawitacyjny \u2013 oczyszczenie i blask w jednym! Delikatnie usuwa zanieczyszczenia i martwe kom\u00f3rki nask\u00f3rka, wyg\u0142adza sk\u00f3r\u0119 i przywraca jej naturalny blask.\u00a0 Twoja cera nigdy nie by\u0142a tak \u015bwie\u017ca! Peeling kawitacyjny &#8211; jest to zabieg bezbolesnego oczyszczania sk\u00f3ry, kt\u00f3ry wykonywany jest za pomoc\u0105 ultrad\u017awi\u0119k\u00f3w. Usuwanie zanieczyszcze\u0144 oraz martwych kom\u00f3rek przebiega bezpiecznie. To nowy system do [&hellip;]<\/p>\n","protected":false},"author":1,"featured_media":0,"parent":0,"menu_order":0,"comment_status":"closed","ping_status":"closed","template":"","meta":{"_kadence_starter_templates_imported_post":false,"footnotes":""},"class_list":["post-4222","page","type-page","status-publish","hentry"],"yoast_head":"<!-- This site is optimized with the Yoast SEO plugin v27.1.1 - https:\/\/yoast.com\/product\/yoast-seo-wordpress\/ -->\n<title>Peeling kawitacyjny - Kosmetologia Estetyczna MAGICZNA<\/title>\n<meta name=\"description\" content=\"Peeling kawitacyjny \u2013 oczyszczenie i blask w jednym! Delikatnie usuwa zanieczyszczenia i martwe kom\u00f3rki nask\u00f3rka, wyg\u0142adza sk\u00f3r\u0119 i przywraca jej naturalny blask. Twoja cera nigdy nie by\u0142a tak \u015bwie\u017ca!\" \/>\n<meta name=\"robots\" content=\"index, follow, max-snippet:-1, max-image-preview:large, max-video-preview:-1\" \/>\n<link rel=\"canonical\" href=\"http:\/\/www.kosmetologiamagiczna.pl\/index.php\/peeling-kawitacyjny\/\" \/>\n<meta property=\"og:locale\" content=\"pl_PL\" \/>\n<meta property=\"og:type\" content=\"article\" \/>\n<meta property=\"og:title\" content=\"Peeling kawitacyjny - Kosmetologia Estetyczna MAGICZNA\" \/>\n<meta property=\"og:description\" content=\"Peeling kawitacyjny \u2013 oczyszczenie i blask w jednym! Delikatnie usuwa zanieczyszczenia i martwe kom\u00f3rki nask\u00f3rka, wyg\u0142adza sk\u00f3r\u0119 i przywraca jej naturalny blask. Twoja cera nigdy nie by\u0142a tak \u015bwie\u017ca!\" \/>\n<meta property=\"og:url\" content=\"http:\/\/www.kosmetologiamagiczna.pl\/index.php\/peeling-kawitacyjny\/\" \/>\n<meta property=\"og:site_name\" content=\"Kosmetologia Estetyczna MAGICZNA\" \/>\n<meta property=\"article:publisher\" content=\"https:\/\/www.facebook.com\/KosmetologiaEstetycznaMAGICZNA\" \/>\n<meta property=\"article:modified_time\" content=\"2025-12-31T19:22:15+00:00\" \/>\n<meta property=\"og:image\" content=\"http:\/\/www.kosmetologiamagiczna.pl\/wp-content\/uploads\/2025\/12\/peeling-1.webp\" \/>\n<meta name=\"twitter:card\" content=\"summary_large_image\" \/>\n<meta name=\"twitter:label1\" content=\"Szacowany czas czytania\" \/>\n\t<meta name=\"twitter:data1\" content=\"2 minuty\" \/>\n<script type=\"application\/ld+json\" class=\"yoast-schema-graph\">{\"@context\":\"https:\/\/schema.org\",\"@graph\":[{\"@type\":\"WebPage\",\"@id\":\"http:\/\/www.kosmetologiamagiczna.pl\/index.php\/peeling-kawitacyjny\/\",\"url\":\"http:\/\/www.kosmetologiamagiczna.pl\/index.php\/peeling-kawitacyjny\/\",\"name\":\"Peeling kawitacyjny - Kosmetologia Estetyczna MAGICZNA\",\"isPartOf\":{\"@id\":\"https:\/\/www.kosmetologiamagiczna.pl\/#website\"},\"primaryImageOfPage\":{\"@id\":\"http:\/\/www.kosmetologiamagiczna.pl\/index.php\/peeling-kawitacyjny\/#primaryimage\"},\"image\":{\"@id\":\"http:\/\/www.kosmetologiamagiczna.pl\/index.php\/peeling-kawitacyjny\/#primaryimage\"},\"thumbnailUrl\":\"http:\/\/www.kosmetologiamagiczna.pl\/wp-content\/uploads\/2025\/12\/peeling-1.webp\",\"datePublished\":\"2025-12-02T20:58:25+00:00\",\"dateModified\":\"2025-12-31T19:22:15+00:00\",\"description\":\"Peeling kawitacyjny \u2013 oczyszczenie i blask w jednym! Delikatnie usuwa zanieczyszczenia i martwe kom\u00f3rki nask\u00f3rka, wyg\u0142adza sk\u00f3r\u0119 i przywraca jej naturalny blask. Twoja cera nigdy nie by\u0142a tak \u015bwie\u017ca!\",\"breadcrumb\":{\"@id\":\"http:\/\/www.kosmetologiamagiczna.pl\/index.php\/peeling-kawitacyjny\/#breadcrumb\"},\"inLanguage\":\"pl-PL\",\"potentialAction\":[{\"@type\":\"ReadAction\",\"target\":[\"http:\/\/www.kosmetologiamagiczna.pl\/index.php\/peeling-kawitacyjny\/\"]}]},{\"@type\":\"ImageObject\",\"inLanguage\":\"pl-PL\",\"@id\":\"http:\/\/www.kosmetologiamagiczna.pl\/index.php\/peeling-kawitacyjny\/#primaryimage\",\"url\":\"http:\/\/www.kosmetologiamagiczna.pl\/wp-content\/uploads\/2025\/12\/peeling-1.webp\",\"contentUrl\":\"http:\/\/www.kosmetologiamagiczna.pl\/wp-content\/uploads\/2025\/12\/peeling-1.webp\"},{\"@type\":\"BreadcrumbList\",\"@id\":\"http:\/\/www.kosmetologiamagiczna.pl\/index.php\/peeling-kawitacyjny\/#breadcrumb\",\"itemListElement\":[{\"@type\":\"ListItem\",\"position\":1,\"name\":\"Strona g\u0142\u00f3wna\",\"item\":\"https:\/\/www.kosmetologiamagiczna.pl\/\"},{\"@type\":\"ListItem\",\"position\":2,\"name\":\"Peeling kawitacyjny\"}]},{\"@type\":\"WebSite\",\"@id\":\"https:\/\/www.kosmetologiamagiczna.pl\/#website\",\"url\":\"https:\/\/www.kosmetologiamagiczna.pl\/\",\"name\":\"Kosmetologia Estetyczna MAGICZNA\",\"description\":\"Pi\u0119kno, kt\u00f3re podkre\u015bla Twoj\u0105 naturalno\u015b\u0107.\",\"publisher\":{\"@id\":\"https:\/\/www.kosmetologiamagiczna.pl\/#organization\"},\"potentialAction\":[{\"@type\":\"SearchAction\",\"target\":{\"@type\":\"EntryPoint\",\"urlTemplate\":\"https:\/\/www.kosmetologiamagiczna.pl\/?s={search_term_string}\"},\"query-input\":{\"@type\":\"PropertyValueSpecification\",\"valueRequired\":true,\"valueName\":\"search_term_string\"}}],\"inLanguage\":\"pl-PL\"},{\"@type\":\"Organization\",\"@id\":\"https:\/\/www.kosmetologiamagiczna.pl\/#organization\",\"name\":\"Kosmetologia Estetyczna MAGICZNA\",\"url\":\"https:\/\/www.kosmetologiamagiczna.pl\/\",\"logo\":{\"@type\":\"ImageObject\",\"inLanguage\":\"pl-PL\",\"@id\":\"https:\/\/www.kosmetologiamagiczna.pl\/#\/schema\/logo\/image\/\",\"url\":\"http:\/\/www.kosmetologiamagiczna.pl\/wp-content\/uploads\/2025\/11\/cropped-logoAnkaCorel18.png\",\"contentUrl\":\"http:\/\/www.kosmetologiamagiczna.pl\/wp-content\/uploads\/2025\/11\/cropped-logoAnkaCorel18.png\",\"width\":512,\"height\":512,\"caption\":\"Kosmetologia Estetyczna MAGICZNA\"},\"image\":{\"@id\":\"https:\/\/www.kosmetologiamagiczna.pl\/#\/schema\/logo\/image\/\"},\"sameAs\":[\"https:\/\/www.facebook.com\/KosmetologiaEstetycznaMAGICZNA\"]}]}<\/script>\n<!-- \/ Yoast SEO plugin. -->","yoast_head_json":{"title":"Peeling kawitacyjny - Kosmetologia Estetyczna MAGICZNA","description":"Peeling kawitacyjny \u2013 oczyszczenie i blask w jednym! Delikatnie usuwa zanieczyszczenia i martwe kom\u00f3rki nask\u00f3rka, wyg\u0142adza sk\u00f3r\u0119 i przywraca jej naturalny blask. Twoja cera nigdy nie by\u0142a tak \u015bwie\u017ca!","robots":{"index":"index","follow":"follow","max-snippet":"max-snippet:-1","max-image-preview":"max-image-preview:large","max-video-preview":"max-video-preview:-1"},"canonical":"http:\/\/www.kosmetologiamagiczna.pl\/index.php\/peeling-kawitacyjny\/","og_locale":"pl_PL","og_type":"article","og_title":"Peeling kawitacyjny - Kosmetologia Estetyczna MAGICZNA","og_description":"Peeling kawitacyjny \u2013 oczyszczenie i blask w jednym! Delikatnie usuwa zanieczyszczenia i martwe kom\u00f3rki nask\u00f3rka, wyg\u0142adza sk\u00f3r\u0119 i przywraca jej naturalny blask. Twoja cera nigdy nie by\u0142a tak \u015bwie\u017ca!","og_url":"http:\/\/www.kosmetologiamagiczna.pl\/index.php\/peeling-kawitacyjny\/","og_site_name":"Kosmetologia Estetyczna MAGICZNA","article_publisher":"https:\/\/www.facebook.com\/KosmetologiaEstetycznaMAGICZNA","article_modified_time":"2025-12-31T19:22:15+00:00","og_image":[{"url":"http:\/\/www.kosmetologiamagiczna.pl\/wp-content\/uploads\/2025\/12\/peeling-1.webp","type":"","width":"","height":""}],"twitter_card":"summary_large_image","twitter_misc":{"Szacowany czas czytania":"2 minuty"},"schema":{"@context":"https:\/\/schema.org","@graph":[{"@type":"WebPage","@id":"http:\/\/www.kosmetologiamagiczna.pl\/index.php\/peeling-kawitacyjny\/","url":"http:\/\/www.kosmetologiamagiczna.pl\/index.php\/peeling-kawitacyjny\/","name":"Peeling kawitacyjny - Kosmetologia Estetyczna MAGICZNA","isPartOf":{"@id":"https:\/\/www.kosmetologiamagiczna.pl\/#website"},"primaryImageOfPage":{"@id":"http:\/\/www.kosmetologiamagiczna.pl\/index.php\/peeling-kawitacyjny\/#primaryimage"},"image":{"@id":"http:\/\/www.kosmetologiamagiczna.pl\/index.php\/peeling-kawitacyjny\/#primaryimage"},"thumbnailUrl":"http:\/\/www.kosmetologiamagiczna.pl\/wp-content\/uploads\/2025\/12\/peeling-1.webp","datePublished":"2025-12-02T20:58:25+00:00","dateModified":"2025-12-31T19:22:15+00:00","description":"Peeling kawitacyjny \u2013 oczyszczenie i blask w jednym! Delikatnie usuwa zanieczyszczenia i martwe kom\u00f3rki nask\u00f3rka, wyg\u0142adza sk\u00f3r\u0119 i przywraca jej naturalny blask. Twoja cera nigdy nie by\u0142a tak \u015bwie\u017ca!","breadcrumb":{"@id":"http:\/\/www.kosmetologiamagiczna.pl\/index.php\/peeling-kawitacyjny\/#breadcrumb"},"inLanguage":"pl-PL","potentialAction":[{"@type":"ReadAction","target":["http:\/\/www.kosmetologiamagiczna.pl\/index.php\/peeling-kawitacyjny\/"]}]},{"@type":"ImageObject","inLanguage":"pl-PL","@id":"http:\/\/www.kosmetologiamagiczna.pl\/index.php\/peeling-kawitacyjny\/#primaryimage","url":"http:\/\/www.kosmetologiamagiczna.pl\/wp-content\/uploads\/2025\/12\/peeling-1.webp","contentUrl":"http:\/\/www.kosmetologiamagiczna.pl\/wp-content\/uploads\/2025\/12\/peeling-1.webp"},{"@type":"BreadcrumbList","@id":"http:\/\/www.kosmetologiamagiczna.pl\/index.php\/peeling-kawitacyjny\/#breadcrumb","itemListElement":[{"@type":"ListItem","position":1,"name":"Strona g\u0142\u00f3wna","item":"https:\/\/www.kosmetologiamagiczna.pl\/"},{"@type":"ListItem","position":2,"name":"Peeling kawitacyjny"}]},{"@type":"WebSite","@id":"https:\/\/www.kosmetologiamagiczna.pl\/#website","url":"https:\/\/www.kosmetologiamagiczna.pl\/","name":"Kosmetologia Estetyczna MAGICZNA","description":"Pi\u0119kno, kt\u00f3re podkre\u015bla Twoj\u0105 naturalno\u015b\u0107.","publisher":{"@id":"https:\/\/www.kosmetologiamagiczna.pl\/#organization"},"potentialAction":[{"@type":"SearchAction","target":{"@type":"EntryPoint","urlTemplate":"https:\/\/www.kosmetologiamagiczna.pl\/?s={search_term_string}"},"query-input":{"@type":"PropertyValueSpecification","valueRequired":true,"valueName":"search_term_string"}}],"inLanguage":"pl-PL"},{"@type":"Organization","@id":"https:\/\/www.kosmetologiamagiczna.pl\/#organization","name":"Kosmetologia Estetyczna MAGICZNA","url":"https:\/\/www.kosmetologiamagiczna.pl\/","logo":{"@type":"ImageObject","inLanguage":"pl-PL","@id":"https:\/\/www.kosmetologiamagiczna.pl\/#\/schema\/logo\/image\/","url":"http:\/\/www.kosmetologiamagiczna.pl\/wp-content\/uploads\/2025\/11\/cropped-logoAnkaCorel18.png","contentUrl":"http:\/\/www.kosmetologiamagiczna.pl\/wp-content\/uploads\/2025\/11\/cropped-logoAnkaCorel18.png","width":512,"height":512,"caption":"Kosmetologia Estetyczna MAGICZNA"},"image":{"@id":"https:\/\/www.kosmetologiamagiczna.pl\/#\/schema\/logo\/image\/"},"sameAs":["https:\/\/www.facebook.com\/KosmetologiaEstetycznaMAGICZNA"]}]}},"_links":{"self":[{"href":"http:\/\/www.kosmetologiamagiczna.pl\/index.php\/wp-json\/wp\/v2\/pages\/4222","targetHints":{"allow":["GET"]}}],"collection":[{"href":"http:\/\/www.kosmetologiamagiczna.pl\/index.php\/wp-json\/wp\/v2\/pages"}],"about":[{"href":"http:\/\/www.kosmetologiamagiczna.pl\/index.php\/wp-json\/wp\/v2\/types\/page"}],"author":[{"embeddable":true,"href":"http:\/\/www.kosmetologiamagiczna.pl\/index.php\/wp-json\/wp\/v2\/users\/1"}],"replies":[{"embeddable":true,"href":"http:\/\/www.kosmetologiamagiczna.pl\/index.php\/wp-json\/wp\/v2\/comments?post=4222"}],"version-history":[{"count":15,"href":"http:\/\/www.kosmetologiamagiczna.pl\/index.php\/wp-json\/wp\/v2\/pages\/4222\/revisions"}],"predecessor-version":[{"id":5182,"href":"http:\/\/www.kosmetologiamagiczna.pl\/index.php\/wp-json\/wp\/v2\/pages\/4222\/revisions\/5182"}],"wp:attachment":[{"href":"http:\/\/www.kosmetologiamagiczna.pl\/index.php\/wp-json\/wp\/v2\/media?parent=4222"}],"curies":[{"name":"wp","href":"https:\/\/api.w.org\/{rel}","templated":true}]}}